 when 35 is divided by 6.
5
What is the remainder when 298 is divided by 79?
61
Calculate the remainder when 5230 is divided by 745.
15
What is the remainder when 23 is divided by 20?
3
Calculate the remainder when 107 is divided by 73.
34
Calculate the remainder when 18818 is divided by 20.
18
What is the remainder when 774 is divided by 17?
9
What is the remainder when 8521 is divided by 81?
16
Calculate the remainder when 110 is divided by 32.
14
What is the remainder when 1129 is divided by 279?
13
Calculate the remainder when 54 is divided by 21.
12
Calculate the remainder when 46 is divided by 10.
6
What is the remainder when 686 is divided by 31?
4
Calculate the remainder when 62 is divided by 12.
2
Calculate the remainder when 37 is divided by 4.
1
Calculate the remainder when 266 is divided by 18.
14
What is the remainder when 202 is divided by 12?
10
What is the remainder when 1537 is divided by 10?
7
Calculate the remainder when 167 is divided by 59.
49
Calculate the remainder when 245 is divided by 58.
13
What is the remainder when 777 is divided by 19?
17
What is the remainder when 355 is divided by 7?
5
What is the remainder when 479 is divided by 38?
23
Calculate the remainder when 5003 is divided by 91.
89
What is the remainder when 27 is divided by 10?
7
Calculate the remainder when 314 is divided by 5.
4
What is the remainder when 2037 is divided by 2012?
25
What is the remainder when 210 is divided by 199?
11
What is the remainder when 646 is divided by 58?
8
Calculate the remainder when 7187 is divided by 153.
149
Calculate the remainder when 58 is divided by 12.
10
What is the remainder when 402 is divided by 68?
62
What is the remainder when 58 is divided by 30?
28
What is the remainder when 28 is divided by 12?
4
Calculate the remainder when 106 is divided by 43.
20
Calculate the remainder when 589 is divided by 145.
9
Calculate the remainder when 29 is divided by 8.
5
What is the remainder when 599 is divided by 151?
146
Calculate the remainder when 448 is divided by 45.
43
Calculate the remainder when 1191 is divided by 6.
3
Calculate the remainder when 656 is divided by 142.
88
What is the remainder when 639 is divided by 59?
49
Calculate the remainder when 1157 is divided by 7.
2
What is the remainder when 307 is divided by 47?
25
Calculate the remainder when 85 is divided by 9.
4
What is the remainder when 4295 is divided by 2139?
17
Calculate the remainder when 695 is divided by 25.
20
Calculate the remainder when 147 is divided by 90.
57
Calculate the remainder when 433 is divided by 82.
23
What is the remainder when 689 is divided by 172?
1
What is the remainder when 712 is divided by 333?
46
What is the remainder when 83 is divided by 17?
15
Calculate the remainder when 2288 is divided by 63.
20
Calculate the remainder when 1879 is divided by 189.
178
Calculate the remainder when 739 is divided by 243.
10
What is the remainder when 32370 is divided by 33?
30
What is the remainder when 538 is divided by 263?
12
What is the remainder when 191 is divided by 39?
35
Calculate the remainder when 1637 is divided by 10.
7
Calculate the remainder when 12836 is divided by 214.
210
What is the remainder when 246 is divided by 83?
80
What is the remainder when 2749 is divided by 344?
341
Calculate the remainder when 101 is divided by 55.
46
What is the remainder when 148 is divided by 19?
15
What is the remainder when 1946 is divided by 33?
32
Calculate the remainder when 517 is divided by 67.
48
What is the remainder when 745 is divided by 143?
30
What is the remainder when 187 is divided by 50?
37
What is the remainder when 250 is divided by 70?
40
What is the remainder when 301 is divided by 19?
16
Calculate the remainder when 1372 is divided by 115.
107
What is the remainder when 254 is divided by 137?
117
Calculate the remainder when 943 is divided by 72.
7
What is the remainder when 19 is divided by 18?
1
What is the remainder when 38677 is divided by 40?
37
Calculate the remainder when 12987 is divided by 30.
27
Calculate the remainder when 98 is divided by 5.
3
Calculate the remainder when 2153 is divided by 94.
85
Calculate the remainder when 967 is divided by 81.
76
What is the remainder when 109 is divided by 13?
5
What is the remainder when 142 is divided by 39?
25
What is the remainder when 5931 is divided by 138?
135
What is the remainder when 604 is divided by 298?
8
Calculate the remainder when 327 is divided by 12.
3
Calculate the remainder when 3759 is divided by 26.
15
Calculate the remainder when 69 is divided by 7.
6
What is the remainder when 11729 is divided by 51?
50
What is the remainder when 191 is divided by 24?
23
What is the remainder when 20 is divided by 17?
3
What is the remainder when 687 is divided by 23?
20
What is the remainder when 243 is divided by 90?
63
Calculate the remainder when 1522 is divided by 25.
22
Calculate the remainder when 464 is divided by 116.
0
Calculate the remainder when 642 is divided by 14.
12
What is the remainder when 496 is divided by 56?
48
What is the remainder when 55 is divided by 23?
9
What is the remainder when 37 is divided by 23?
14
Calculate the remainder when 565 is divided by 159.
88
What is the remainder when 1746 is divided by 116?
6
What is the remainder when 570 is divided by 18?
12
Calculate the remainder when 766 is divided by 25.
16
Calculate the remainder when 187 is divided by 11.
0
What is the remainder when 38 is divided by 27?
11
What is the remainder when 813 is divided by 136?
133
Calculate the remainder when 73 is divided by 26.
21
What is the remainder when 1071 is divided by 348?
27
What is the remainder when 339 is divided by 160?
19
Calculate the remainder when 8895 is divided by 41.
39
What is the remainder when 1169 is divided by 130?
129
Calculate the remainder when 548 is divided by 28.
16
What is the remainder when 512 is divided by 181?
150
Calculate the remainder when 61501 is divided by 32.
29
What is the remainder when 182 is divided by 38?
30
What is the remainder when 54 is divided by 33?
21
What is the remainder when 943 is divided by 5?
3
Calculate the remainder when 738 is divided by 74.
72
What is the remainder when 845 is divided by 11?
9
What is the remainder when 57 is divided by 5?
2
What is the remainder when 390 is divided by 113?
51
Calculate the remainder when 1179 is divided by 19.
1
What is the remainder when 323 is divided by 151?
21
What is the remainder when 183 is divided by 19?
12
What is the remainder when 33 is divided by 19?
14
What is the remainder when 123 is divided by 53?
17
What is the remainder when 408 is divided by 56?
16
Calculate the remainder when 148 is divided by 132.
16
What is the remainder when 200 is divided by 22?
2
Calculate the remainder when 4783 is divided by 368.
367
What is the remainder when 2018 is divided by 202?
200
Calculate the remainder when 184 is divided by 17.
14
Calculate the remainder when 11504 is divided by 15.
14
What is the remainder when 916 is divided by 116?
104
Calculate the remainder when 237 is divided by 16.
13
What is the remainder when 468 is divided by 17?
9
Calculate the remainder when 160 is divided by 70.
20
Calculate the remainder when 114 is divided by 42.
30
Calculate the remainder when 1367 is divided by 197.
185
Calculate the remainder when 90 is divided by 3.
0
What is the remainder when 3868 is divided by 45?
43
Calculate the remainder when 229 is divided by 46.
45
Calculate the remainder when 3219 is divided by 26.
21
Calculate the remainder when 222 is divided by 47.
34
What is the remainder when 370 is divided by 12?
10
Calculate the remainder when 440 is divided by 7.
6
Calculate the remainder when 3958 is divided by 88.
86
What is the remainder when 48 is divided by 30?
18
Calculate the remainder when 202 is divided by 96.
10
Calculate the remainder when 4478 is divided by 8.
6
What is the remainder when 20733 is divided by 288?
285
Calculate the remainder when 382 is divided by 23.
14
Calculate the remainder when 2105 is divided by 78.
77
What is the remainder when 113 is divided by 17?
11
Calculate the remainder when 373 is divided by 120.
13
Calculate the remainder when 48 is divided by 39.
9
Calculate the remainder when 1161 is